e 0*v + 152 = 2*v. Suppose -z - 4*u = -49, -z + 8*u + v = 3*u. What is the highest common factor of z and 61?
61
Let w be (-48*(2 - 1))/(-1). Let a = 43 - 42. Let f be (-2 + -3 + 4)*a + 7. Calculate the highest common divisor of w and f.
6
Let y = 11418 - 11314. Calculate the highest common divisor of y and 14.
2
Let y(u) = -u - 19. Suppose -2*v - 78 = -20. Let o be y(v). What is the highest common factor of o and 70?
10
Suppose 2472*a + 127 + 1133 = 2500*a. Calculate the greatest common divisor of a and 3618.
9
Let a(f) = 21*f + 24. Let q be a(8). Suppose -2*p - 28 = -q. Suppose 2*u + 2 = 0, 0 = 4*r - 2*u - 0*u - p. Calculate the highest common factor of r and 80.
20
Suppose 5*z = 4*u - 152 - 87, 2*u - z - 127 = 0. Let p be 8*1/(3/u). Let f be 4/(0 + -4) + 17. Calculate the highest common divisor of f and p.
16
Let c = 2867 - 2714. What is the highest common divisor of 357 and c?
51
Suppose 0 = -d - 37*a + 38*a + 7087, 0 = d - 3*a - 7081. What is the highest common divisor of d and 10?
10
Suppose 25*t - 66 = -666. Suppose 105 = 2*i + 3*w, -i - 175 = -4*i - w. Let o = t + i. Calculate the greatest common factor of o and 9.
9
Let i = 1013 - 1012. Let n be i*(-3 + -3 + 48). What is the highest common divisor of n and 21?
21
Let r(l) = -127*l + 12. Let m be r(-9). Let f be m/(-22)*(-3)/((-9)/(-2)). Suppose -4*c + f = -5. What is the greatest common divisor of 15 and c?
5
Let c = -5663 - -5691. Calculate the highest common divisor of 20 and c.
4
Let h(y) = -14*y - 4 + 3 + 5*y + 3. Let t(o) = -17*o + 4. Let r(b) = 9*h(b) - 4*t(b). Let w be r(-6). Calculate the greatest common factor of w and 10.
10
Let n(a) = -a**3 - 61*a**2 - 65*a - 282. Let q be n(-60). Calculate the highest common divisor of q and 1014.
6
Suppose 4*b - 113 = 7. Let s be 1682/6 + (68/12 - 5). Let q = 293 - s. What is the highest common factor of b and q?
6
Suppose k = 2*k - 90. Suppose -2*d = 3*n - 160, 42*n - 45*n = 5*d - 400. What is the highest common factor of k and d?
10
Let d = 248 - 140. Let t be -3*(-8)/d + (-4)/18. Suppose t = -8*c + 14*c - 162. What is the greatest common divisor of c and 189?
27
Suppose 89 = 4*p + 3*r, -3*p + 2*r + 54 = -0*p. Let k = -146 + -28. Let i be (k/18 - -10) + 119/3. Calculate the highest common divisor of p and i.
20
Suppose -1043 = 9*y - 152. Let n = y - -112. Calculate the highest common divisor of n and 793.
13
Let t be (-12)/(-8)*10/(-5)*12. Let v = 56 + t. Let s(w) = 24*w**3 - 4*w**2 + 2*w. Let n be s(2). Calculate the greatest common divisor of n and v.
20
Let y(t) = 32*t**2 - 1. Let s be y(-2). Suppose 0 = -122*w + s*w - 210. What is the greatest common divisor of w and 168?
42
Let k(r) = -r**3 + 8*r**2 - 7*r + 3. Let a be k(7). Let x(f) = 16*f**2 - f + 3. Let h be x(a). Calculate the greatest common factor of h and 27.
9
Suppose 20 = 780*r - 784*r, 77725 = 5*f - 2*r. Calculate the highest common divisor of 99 and f.
99
Let q = 42 + -18. Suppose -i = -4*d - d - 299, 4*i - 1063 = d. What is the greatest common divisor of i and q?
24
Let g = -12 - -245. Let f = g - 200. What is the highest common divisor of f and 231?
33
Let d be 0 - 4/(16/(-20)). Suppose t - d*t - 12 = -5*m, -2*t = -5*m + 16. Suppose 0 = 2*g + g - 24. Calculate the greatest common factor of g and t.
2
Suppose -11488 - 11875 = -51*f + 199. Calculate the greatest common factor of f and 672.
42
Let u(q) = 151*q + 2573. Let r be u(-14). Calculate the highest common divisor of r and 12087.
153
Suppose -g - 30 = -4*t - 314, 5*t + 15 = 0. Calculate the greatest common divisor of g and 1496.
136
Let t be ((-11)/3 + 3)*-6. Let l(f) = 4*f - 14. Let g be l(t). Suppose -g*v - j + 6 = -v, -j = -4*v + 14. What is the greatest common divisor of v and 4?
4
Suppose 0 = y + 8*y - 1197. Suppose 4*d - u = y, -2*d + 3*u - 6*u + 63 = 0. Suppose -2*p = p - d. What is the highest common divisor of 121 and p?
11
Let a = -2 - -17. Let k(w) = 31*w**2 - 8*w + 5. Let n be k(1). Let q be n/98 - (2 + 246/(-21)). Calculate the highest common divisor of q and a.
5
Let b(q) = -q**3 - 8*q**2 - 11*q - 178. Let c be b(-16). What is the highest common factor of c and 330?
66
Suppose 5404 = 4*i - 2*f, -4*i - f - 225 = -5617. Let m = 232 + i. Calculate the greatest common divisor of 31 and m.
31
Suppose 65*w - 62*w = -b + 50, 4*b + 70 = 3*w. Calculate the highest common factor of w and 49554.
18
Let o = -26 + 11. Let l(t) = t + 24. Let d be l(o). Let i(v) = -v**3 - 7*v**2 - 6*v + 9. Let b be i(-6). Calculate the highest common divisor of b and d.
9
Let w(u) = u**2 - 74*u + 1951. Let h be w(43). What is the greatest common factor of 150 and h?
6
Suppose 34*g - 121 = -52 + 271. Calculate the highest common factor of 1490 and g.
10
Suppose 68*c + 13602 = 58949 + 123225. Calculate the highest common divisor of 148 and c.
37
Let p(z) be the first derivative of z**3/3 + 3*z**2 + 8*z - 2. Let x be p(6). Suppose 56*l - 63*l = -140. Calculate the highest common divisor of x and l.
20
Suppose 49*i = -160*i - 69*i + 235744. Let p(r) = -6*r**3 + r**2 - r - 1. Let t be p(-2). What is the greatest common factor of i and t?
53
Suppose 0 = 3*g + 3*l - 279, -11*g - 206 = -13*g + 2*l. Calculate the highest common factor of 28714 and g.
98
Let v(c) = c**2 - 5*c - 34. Let z be v(-6). Let k = -53 + z. Let i be 2/(14/k + 37/51). What is the greatest common factor of i and 85?
17
Suppose 9841*l - 9823*l = 1962. What is the highest common factor of 9483 and l?
109
Suppose 0 = -14*m + 10*m - 4*p + 16, -3*m + 4*p = -47. Calculate the greatest common factor of m and 40707.
9
Let o = -4617 + 4701. What is the highest common divisor of o and 1218?
42
Let i be 37/4 - 11/44. Suppose 4*h - 11 = 5*b, -h + 6*b = 2*b. Suppose 0 = -0*q + 2*q - a - 17, h*a = 4*q - 32. What is the highest common factor of q and i?
9
Let v(s) = s**2 + s. Let b be v(-5). Suppose -7*q + 5*q = b. Let w(c) = -10*c + 5. Let z be w(q). What is the greatest common factor of 15 and z?
15
Let k be -1 - 4 - (4 + -20 - -1). Calculate the greatest common factor of 130 and k.
10
Let p(h) = h**2 - 86*h - 957. Let d be p(-10). What is the greatest common factor of 30 and d?
3
Let b be (1 - -1 - (-11 + 8)) + 2. Suppose -b*d + 365 = -832. Let q = d + 148. Calculate the greatest common factor of 29 and q.
29
Let l(n) = -n**3 - 9*n**2 - 10*n + 4. Let y be l(-8). Let j = 19 - y. Let v be (12/18)/(j/(-21)). What is the greatest common divisor of 112 and v?
14
Let m be (4 - -25) + -4 + -6 + 1. Suppose 13*r - 8*r = 0. Suppose 2*z - 3*b - 95 = r, 0 = 3*z - z - 2*b - 90. What is the greatest common factor of m and z?
20
Let d = -82 + 98. Suppose -2*u + 65 = -5*s, 3*u - 4*u + s + 37 = 0. Calculate the highest common factor of d and u.
8
Suppose -2*u = -9*u - 42. Let i be 0 - (-30 + u + 4). What is the highest common factor of i and 48?
16
Let m be 310*3*(-1 - -4)/((-39)/(-234)). Calculate the highest common factor of 27 and m.
27
Let w(x) = 38*x**3 - 14*x**2 + 19*x + 66. Let f be w(3). Suppose -7*o + 4*o + 279 = 0. Calculate the highest common factor of f and o.
93
Let z(i) = -69*i - 693. Let k be z(-10). Let t be (-4 + 11)/((-4)/12*k). Suppose -2*h + 18 = 4. Calculate the highest common factor of h and t.
7
Let r be (-3 - -6) + 19*7. Let w(j) = -j**3 - 14*j**2 + 10*j - 58. Let u be w(-15). Calculate the highest common divisor of r and u.
17
Let d(l) = -5*l**3 - 7*l**2 + 117*l + 721. Let z be d(-6). What is the greatest common factor of z and 539?
77
Suppose x - 2 = -2. Suppose 9*b - 1453 - 563 = x. What is the greatest common divisor of 32 and b?
32
Let v = 27 + -23. Suppose -5*y = -2*y - u - 261, -v*u = -4*y + 340. Calculate the greatest common divisor of 8 and y.
8
Suppose -4*a = -4*x - 16, 0 = 3*a + 26*x - 31*x - 14. Suppose 0 = 3*c + a, -7*u = -12*u + 3*c + 33. Calculate the highest common factor of u and 24.
6
Suppose 441*j - 5*s = 440*j, -2*j + 2*s + 8 = 0. Suppose 4*i = 8*i + 4. Let c be (54/(-4) - i)*-2. What is the highest common factor of c and j?
5
Let c = 623 - 620. Suppose 8*r - c = 397. Calculate the greatest common factor of r and 130.
10
Let q = 660 + -30. Suppose 0 = 3*b + 2*b - q. Let r = -4053 - -4071. What is the highest common divisor of b and r?
18
Let o be 34 + 1/(153/(-36) - -4). What is the highest common factor of 705 and o?
15
Let a = 1891 + -1827. Suppose 